inder when 17576 is divided by 212.
192
Calculate the remainder when 83398 is divided by 1668.
1666
What is the remainder when 89924 is divided by 29973?
5
Calculate the remainder when 21242 is divided by 354.
2
Calculate the remainder when 12579 is divided by 134.
117
Calculate the remainder when 89271 is divided by 311.
14
What is the remainder when 168232 is divided by 84100?
32
Calculate the remainder when 500263 is divided by 9.
7
What is the remainder when 9221 is divided by 137?
42
Calculate the remainder when 707097 is divided by 12.
9
Calculate the remainder when 49637 is divided by 142.
79
Calculate the remainder when 957 is divided by 46.
37
What is the remainder when 1516967 is divided by 14?
11
What is the remainder when 128823 is divided by 46?
23
Calculate the remainder when 20017 is divided by 6.
1
What is the remainder when 19426 is divided by 2258?
1362
What is the remainder when 1724 is divided by 1531?
193
What is the remainder when 1973324 is divided by 56?
52
Calculate the remainder when 2611 is divided by 1167.
277
What is the remainder when 2040585 is divided by 37?
35
Calculate the remainder when 3233 is divided by 738.
281
Calculate the remainder when 29809 is divided by 4239.
136
Calculate the remainder when 32289 is divided by 207.
204
Calculate the remainder when 51800 is divided by 330.
320
What is the remainder when 535 is divided by 168?
31
What is the remainder when 1409 is divided by 3?
2
What is the remainder when 98946 is divided by 1566?
288
Calculate the remainder when 209446 is divided by 18.
16
Calculate the remainder when 101686 is divided by 624.
598
Calculate the remainder when 4017083 is divided by 184.
179
What is the remainder when 2566466 is divided by 173?
11
What is the remainder when 4256 is divided by 237?
227
Calculate the remainder when 62305 is divided by 21.
19
Calculate the remainder when 3041 is divided by 11.
5
What is the remainder when 5205 is divided by 121?
2
Calculate the remainder when 34884 is divided by 4977.
45
What is the remainder when 45507 is divided by 4547?
37
What is the remainder when 1591 is divided by 41?
33
What is the remainder when 4796 is divided by 303?
251
Calculate the remainder when 2870 is divided by 1428.
14
What is the remainder when 2103056 is divided by 15?
11
What is the remainder when 43484 is divided by 17?
15
What is the remainder when 7503934 is divided by 646?
644
Calculate the remainder when 3442 is divided by 106.
50
Calculate the remainder when 3561822 is divided by 32.
30
What is the remainder when 3846113 is divided by 535?
533
Calculate the remainder when 56635 is divided by 279.
277
Calculate the remainder when 11883 is divided by 2935.
143
What is the remainder when 1857 is divided by 505?
342
What is the remainder when 3189 is divided by 21?
18
What is the remainder when 3123707 is divided by 861?
860
What is the remainder when 8178 is divided by 592?
482
Calculate the remainder when 1247 is divided by 989.
258
Calculate the remainder when 1887 is divided by 880.
127
Calculate the remainder when 771221 is divided by 333.
326
What is the remainder when 131140 is divided by 2474?
18
Calculate the remainder when 301 is divided by 4.
1
What is the remainder when 1757 is divided by 870?
17
What is the remainder when 1650 is divided by 275?
0
Calculate the remainder when 4092 is divided by 694.
622
Calculate the remainder when 50967 is divided by 3362.
537
Calculate the remainder when 404630 is divided by 23.
14
What is the remainder when 7818 is divided by 558?
6
What is the remainder when 22090 is divided by 24?
10
What is the remainder when 8551 is divided by 2840?
31
Calculate the remainder when 62175 is divided by 67.
66
Calculate the remainder when 17308 is divided by 30.
28
What is the remainder when 24768 is divided by 471?
276
What is the remainder when 1523644 is divided by 282?
280
Calculate the remainder when 401 is divided by 112.
65
Calculate the remainder when 5391 is divided by 49.
1
Calculate the remainder when 770 is divided by 134.
100
Calculate the remainder when 120780 is divided by 123.
117
What is the remainder when 8124 is divided by 55?
39
What is the remainder when 15518 is divided by 976?
878
What is the remainder when 574 is divided by 140?
14
What is the remainder when 112304 is divided by 559?
504
Calculate the remainder when 13961 is divided by 28.
17
What is the remainder when 31191 is divided by 80?
71
Calculate the remainder when 680 is divided by 172.
164
What is the remainder when 753 is divided by 10?
3
What is the remainder when 3751 is divided by 3725?
26
What is the remainder when 2503 is divided by 14?
11
What is the remainder when 995350 is divided by 6?
4
What is the remainder when 1574878 is divided by 1020?
1018
Calculate the remainder when 4077 is divided by 30.
27
What is the remainder when 1075031 is divided by 648?
647
What is the remainder when 681926 is divided by 18942?
14
Calculate the remainder when 16576 is divided by 16546.
30
What is the remainder when 1519 is divided by 415?
274
Calculate the remainder when 872 is divided by 84.
32
Calculate the remainder when 157347 is divided by 286.
47
Calculate the remainder when 6271 is divided by 330.
1
Calculate the remainder when 18546 is divided by 2629.
143
Calculate the remainder when 271 is divided by 108.
55
Calculate the remainder when 346781 is divided by 463.
457
Calculate the remainder when 1064 is divided by 148.
28
What is the remainder when 3553 is divided by 1668?
217
Calculate the remainder when 2006394 is divided by 59.
40
What is the remainder when 153212 is divided by 144?
140
What is the remainder when 2543 is divided by 5?
3
Calculate the remainder when 29920 is divided by 374.
0
What is the remainder when 190738 is divided by 11?
9
What is the remainder when 7165 is divided by 9?
1
What is the remainder when 15354 is divided by 874?
496
What is the remainder when 413 is divided by 104?
101
Calculate the remainder when 1722100 is divided by 114806.
10
What is the remainder when 38490 is divided by 21?
18
What is the remainder when 5517 is divided by 131?
15
What is the remainder when 134861 is divided by 5617?
53
What is the remainder when 66666 is divided by 157?
98
What is the remainder when 34678 is divided by 17332?
14
Calculate the remainder when 2177 is divided by 217.
7
What is the remainder when 12232 is divided by 58?
52
What is the remainder when 117332 is divided by 5333?
6
What is the remainder when 166887 is divided by 13?
6
Calculate the remainder when 5723 is divided by 1187.
975
What is the remainder when 3460 is divided by 49?
30
What is the remainder when 55525 is divided by 624?
613
Calculate the remainder when 21493 is divided by 716.
13
What is the remainder when 327498 is divided by 250?
248
Calculate the remainder when 2817 is divided by 2786.
31
What is the remainder when 51180 is divided by 1599?
12
What is the remainder when 5599 is divided by 5519?
80
Calculate the remainder when 5617 is divided by 294.
31
Calculate the remainder when 402742 is divided by 185.
182
Calculate the remainder when 23834 is divided by 11.
8
What is the remainder when 1331 is divided by 372?
215
Calculate the remainder when 9575 is divided by 1919.
1899
Calculate the remainder when 41983 is divided by 100.
83
Calculate the remainder when 43717 is divided by 10921.
33
What is the remainder when 51765 is divided by 53?
37
Calculate the remainder when 21899 is divided by 811.
2
Calculate the remainder when 1847 is divided by 921.
5
Calculate the remainder when 4773 is divided by 3912.
861
Calculate the remainder when 2179 is divided by 181.
7
What is the remainder when 25093 is divided by 1248?
133
Calculate the remainder when 3258 is divided by 1617.
24
Calculate the remainder when 8168 is divided by 430.
428
Calculate the remainder when 29065 is divided by 184.
177
Calculate the remainder when 576079 is divided by 529.
527
What is the remainder when 800 is divided by 19?
2
Calculate the remainder when 2646 is divided by 211.
114
Calculate the remainder when 318998 is divided by 45571.
1
What is the remainder when 6145 is divided by 237?
220
What is the remainder when 82206 is divided by 293?
166
What is the remainder when 